{"id":7939,"date":"2022-07-23T20:33:07","date_gmt":"2022-07-23T20:33:07","guid":{"rendered":"https:\/\/xn--physiozentrum-grndberg-7lc.at\/?page_id=7939"},"modified":"2026-03-17T09:18:47","modified_gmt":"2026-03-17T08:18:47","slug":"karin-wimmer","status":"publish","type":"page","link":"https:\/\/xn--physiozentrum-grndberg-7lc.at\/?page_id=7939","title":{"rendered":"Karin Wimmer"},"content":{"rendered":"<div id=\"pl-7939\"  class=\"panel-layout\" ><div id=\"pg-7939-0\"  class=\"panel-grid panel-no-style\" ><div id=\"pgc-7939-0-0\"  class=\"panel-grid-cell\" ><div id=\"panel-7939-0-0-0\" class=\"so-panel widget widget_sow-editor panel-first-child panel-last-child\" data-index=\"0\" ><div\n\t\t\t\n\t\t\tclass=\"so-widget-sow-editor so-widget-sow-editor-base\"\n\t\t\t\n\t\t>\n<div class=\"siteorigin-widget-tinymce textwidget\">\n\t<p>Ich er\u00f6ffnete gemeinsam mit meinem Mann Dominik das Physiozentrum Gr\u00fcndberg im Jahr 2022.<\/p>\n<p>Mit \u00fcber 10 Jahren Erfahrung folge ich\u00a0 in meiner Praxis der Philosophie, dass Therapie am erfolgreichsten ist, wenn Menschen als Ganzes gesehen und behandelt werden.<\/p>\n<p><span style=\"color: #56afd5; font-size: 15px;\"><strong>Ausbildung<\/strong><\/span><br \/>\n2012 Abschluss an der Akademie f\u00fcr Physiotherapie<\/p>\n<p><span style=\"color: #56afd5; font-size: 15px;\"><strong>Beruflicher Werdegang<\/strong><\/span><br \/>\n<strong>2012 \u2013 2017<\/strong><br \/>\nRehab Linz (angestellt)<\/p>\n<p><strong>2016-2022<\/strong><br \/>\nOPT-Therapie<\/p>\n<p><strong>seit 2022<\/strong><br \/>\neigene Praxis: Physiozentrum Gr\u00fcndberg<\/p>\n<p><span style=\"color: #56afd5; font-size: 15px;\"><strong><br \/>\nZusatzausbildungen<\/strong><\/span><br \/>\n- diverse Kurse im Bereich der Gyn\u00e4kologie: Beckenboden, Geburtsvorbereitung, R\u00fcckbildung, \u2026<\/p>\n<p>- laufende Fortbildungen im Bereich der Orthop\u00e4die<\/p>\n<\/div>\n<\/div><\/div><\/div><div id=\"pgc-7939-0-1\"  class=\"panel-grid-cell\" ><div id=\"panel-7939-0-1-0\" class=\"so-panel widget widget_sow-editor panel-first-child panel-last-child\" data-index=\"1\" ><div\n\t\t\t\n\t\t\tclass=\"so-widget-sow-editor so-widget-sow-editor-base\"\n\t\t\t\n\t\t>\n<div class=\"siteorigin-widget-tinymce textwidget\">\n\t<p><img loading=\"lazy\" decoding=\"async\" class=\"alignnone size-full wp-image-8376\" src=\"https:\/\/xn--physiozentrum-grndberg-7lc.at\/wp-content\/uploads\/2022\/11\/20221125-Physiozentrum-183.jpg\" alt=\"\" width=\"850\" height=\"567\" srcset=\"https:\/\/xn--physiozentrum-grndberg-7lc.at\/wp-content\/uploads\/2022\/11\/20221125-Physiozentrum-183.jpg 850w, https:\/\/xn--physiozentrum-grndberg-7lc.at\/wp-content\/uploads\/2022\/11\/20221125-Physiozentrum-183-300x200.jpg 300w, https:\/\/xn--physiozentrum-grndberg-7lc.at\/wp-content\/uploads\/2022\/11\/20221125-Physiozentrum-183-768x512.jpg 768w, https:\/\/xn--physiozentrum-grndberg-7lc.at\/wp-content\/uploads\/2022\/11\/20221125-Physiozentrum-183-360x240.jpg 360w, https:\/\/xn--physiozentrum-grndberg-7lc.at\/wp-content\/uploads\/2022\/11\/20221125-Physiozentrum-183-272x182.jpg 272w\" sizes=\"auto, (max-width: 850px) 100vw, 850px\" \/><img loading=\"lazy\" decoding=\"async\" class=\"alignnone size-full wp-image-8377\" src=\"https:\/\/xn--physiozentrum-grndberg-7lc.at\/wp-content\/uploads\/2022\/11\/20221125-Physiozentrum-211.jpg\" alt=\"\" width=\"850\" height=\"567\" srcset=\"https:\/\/xn--physiozentrum-grndberg-7lc.at\/wp-content\/uploads\/2022\/11\/20221125-Physiozentrum-211.jpg 850w, https:\/\/xn--physiozentrum-grndberg-7lc.at\/wp-content\/uploads\/2022\/11\/20221125-Physiozentrum-211-300x200.jpg 300w, https:\/\/xn--physiozentrum-grndberg-7lc.at\/wp-content\/uploads\/2022\/11\/20221125-Physiozentrum-211-768x512.jpg 768w, https:\/\/xn--physiozentrum-grndberg-7lc.at\/wp-content\/uploads\/2022\/11\/20221125-Physiozentrum-211-360x240.jpg 360w, https:\/\/xn--physiozentrum-grndberg-7lc.at\/wp-content\/uploads\/2022\/11\/20221125-Physiozentrum-211-272x182.jpg 272w\" sizes=\"auto, (max-width: 850px) 100vw, 850px\" \/><img loading=\"lazy\" decoding=\"async\" class=\"alignnone size-full wp-image-8378\" src=\"https:\/\/xn--physiozentrum-grndberg-7lc.at\/wp-content\/uploads\/2022\/11\/20221125-Physiozentrum-291.jpg\" alt=\"\" width=\"850\" height=\"567\" srcset=\"https:\/\/xn--physiozentrum-grndberg-7lc.at\/wp-content\/uploads\/2022\/11\/20221125-Physiozentrum-291.jpg 850w, https:\/\/xn--physiozentrum-grndberg-7lc.at\/wp-content\/uploads\/2022\/11\/20221125-Physiozentrum-291-300x200.jpg 300w, https:\/\/xn--physiozentrum-grndberg-7lc.at\/wp-content\/uploads\/2022\/11\/20221125-Physiozentrum-291-768x512.jpg 768w, https:\/\/xn--physiozentrum-grndberg-7lc.at\/wp-content\/uploads\/2022\/11\/20221125-Physiozentrum-291-360x240.jpg 360w, https:\/\/xn--physiozentrum-grndberg-7lc.at\/wp-content\/uploads\/2022\/11\/20221125-Physiozentrum-291-272x182.jpg 272w\" sizes=\"auto, (max-width: 850px) 100vw, 850px\" \/><\/p>\n<\/div>\n<\/div><\/div><\/div><\/div><div id=\"pg-7939-1\"  class=\"panel-grid panel-no-style\" ><div id=\"pgc-7939-1-0\"  class=\"panel-grid-cell\" ><div id=\"panel-7939-1-0-0\" class=\"so-panel widget widget_sow-editor panel-first-child panel-last-child\" data-index=\"2\" ><div\n\t\t\t\n\t\t\tclass=\"so-widget-sow-editor so-widget-sow-editor-base\"\n\t\t\t\n\t\t><h3 class=\"widget-title\">Karin Wimmer kontaktieren<\/h3>\n<div class=\"siteorigin-widget-tinymce textwidget\">\n\t\n<div class=\"wpcf7 no-js\" id=\"wpcf7-f8222-o1\" lang=\"en-US\" dir=\"ltr\" data-wpcf7-id=\"8222\">\n<div class=\"screen-reader-response\"><p role=\"status\" aria-live=\"polite\" aria-atomic=\"true\"><\/p> <ul><\/ul><\/div>\n<form action=\"\/index.php?rest_route=%2Fwp%2Fv2%2Fpages%2F7939#wpcf7-f8222-o1\" method=\"post\" class=\"wpcf7-form init\" aria-label=\"Contact form\" novalidate=\"novalidate\" data-status=\"init\">\n<fieldset class=\"hidden-fields-container\"><input type=\"hidden\" name=\"_wpcf7\" value=\"8222\" \/><input type=\"hidden\" name=\"_wpcf7_version\" value=\"6.1.5\" \/><input type=\"hidden\" name=\"_wpcf7_locale\" value=\"en_US\" \/><input type=\"hidden\" name=\"_wpcf7_unit_tag\" value=\"wpcf7-f8222-o1\" \/><input type=\"hidden\" name=\"_wpcf7_container_post\" value=\"0\" \/><input type=\"hidden\" name=\"_wpcf7_posted_data_hash\" value=\"\" \/>\n<\/fieldset>\n<div class=\"white-featured-box\">\n\t<div class=\"row\">\n\t\t<div class=\"col-xs-12 col-md-6\">\n\t\t\t<p><span>Name *<\/span><span class=\"wpcf7-form-control-wrap\" data-name=\"your-name\"><input size=\"40\" maxlength=\"400\" class=\"wpcf7-form-control wpcf7-text wpcf7-validates-as-required\" aria-required=\"true\" aria-invalid=\"false\" placeholder=\"Vor- und Nachname\" value=\"\" type=\"text\" name=\"your-name\" \/><\/span><span>E-Mail *<\/span><span class=\"wpcf7-form-control-wrap\" data-name=\"your-email\"><input size=\"40\" maxlength=\"400\" class=\"wpcf7-form-control wpcf7-email wpcf7-validates-as-required wpcf7-text wpcf7-validates-as-email\" aria-required=\"true\" aria-invalid=\"false\" placeholder=\"E-Mail Adresse\" value=\"\" type=\"email\" name=\"your-email\" \/><\/span><span>Telefon-Nr. *<\/span><span class=\"wpcf7-form-control-wrap\" data-name=\"your-phone\"><input size=\"40\" maxlength=\"400\" class=\"wpcf7-form-control wpcf7-tel wpcf7-validates-as-required wpcf7-text wpcf7-validates-as-tel\" aria-required=\"true\" aria-invalid=\"false\" placeholder=\"Telefon Nummer\" value=\"\" type=\"tel\" name=\"your-phone\" \/><\/span>\n\t\t\t<\/p>\n\t\t<\/div>\n\t\t<div class=\"col-xs-12 col-md-6\">\n\t\t\t<p><span>Betreff<\/span><span class=\"wpcf7-form-control-wrap\" data-name=\"your-subject\"><input size=\"40\" maxlength=\"400\" class=\"wpcf7-form-control wpcf7-text\" aria-invalid=\"false\" placeholder=\"Betreff\" value=\"\" type=\"text\" name=\"your-subject\" \/><\/span><span>Nachricht *<\/span><span class=\"wpcf7-form-control-wrap\" data-name=\"your-message\"><textarea cols=\"40\" rows=\"10\" maxlength=\"2000\" class=\"wpcf7-form-control wpcf7-textarea\" aria-invalid=\"false\" placeholder=\"Geben Sie hier ihre Nachricht ein..\" name=\"your-message\"><\/textarea><\/span><input class=\"wpcf7-form-control wpcf7-submit has-spinner btn btn-primary\" type=\"submit\" value=\"Senden\" \/><input type=\"reset\" class=\"btn btn-outline\" value=\"L\u00f6schen\" \/>\n\t\t\t<\/p>\n\t\t<\/div>\n\t<\/div>\n<\/div><div class=\"wpcf7-response-output\" aria-hidden=\"true\"><\/div>\n<\/form>\n<\/div>\n\n<\/div>\n<\/div><\/div><\/div><\/div><\/div>","protected":false},"excerpt":{"rendered":"<p>Ich er\u00f6ffnete gemeinsam mit meinem Mann Dominik das Physiozentrum Gr\u00fcndberg im Jahr 2022. Mit \u00fcber 10 Jahren Erfahrung folge ich\u00a0 in meiner Praxis der Philosophie, dass Therapie am erfolgreichsten ist, wenn Menschen als Ganzes gesehen und behandelt werden. Ausbildung 2012 Abschluss an der Akademie f\u00fcr Physiotherapie Beruflicher Werdegang 2012 \u2013 2017 Rehab Linz (angestellt) 2016-2022 [&hellip;]<\/p>\n","protected":false},"author":1,"featured_media":0,"parent":7483,"menu_order":0,"comment_status":"closed","ping_status":"closed","template":"","meta":{"footnotes":""},"class_list":["post-7939","page","type-page","status-publish","hentry"],"acf":[],"_links":{"self":[{"href":"https:\/\/xn--physiozentrum-grndberg-7lc.at\/index.php?rest_route=\/wp\/v2\/pages\/7939","targetHints":{"allow":["GET"]}}],"collection":[{"href":"https:\/\/xn--physiozentrum-grndberg-7lc.at\/index.php?rest_route=\/wp\/v2\/pages"}],"about":[{"href":"https:\/\/xn--physiozentrum-grndberg-7lc.at\/index.php?rest_route=\/wp\/v2\/types\/page"}],"author":[{"embeddable":true,"href":"https:\/\/xn--physiozentrum-grndberg-7lc.at\/index.php?rest_route=\/wp\/v2\/users\/1"}],"replies":[{"embeddable":true,"href":"https:\/\/xn--physiozentrum-grndberg-7lc.at\/index.php?rest_route=%2Fwp%2Fv2%2Fcomments&post=7939"}],"version-history":[{"count":24,"href":"https:\/\/xn--physiozentrum-grndberg-7lc.at\/index.php?rest_route=\/wp\/v2\/pages\/7939\/revisions"}],"predecessor-version":[{"id":8548,"href":"https:\/\/xn--physiozentrum-grndberg-7lc.at\/index.php?rest_route=\/wp\/v2\/pages\/7939\/revisions\/8548"}],"up":[{"embeddable":true,"href":"https:\/\/xn--physiozentrum-grndberg-7lc.at\/index.php?rest_route=\/wp\/v2\/pages\/7483"}],"wp:attachment":[{"href":"https:\/\/xn--physiozentrum-grndberg-7lc.at\/index.php?rest_route=%2Fwp%2Fv2%2Fmedia&parent=7939"}],"curies":[{"name":"wp","href":"https:\/\/api.w.org\/{rel}","templated":true}]}}